e -2*l = 7*l - 927. What is the hundreds digit of l?
1
Suppose -d = -4*q + 97, -q + 2 = q. Let l = 163 + d. What is the tens digit of l?
7
Suppose -4*j - 49 + 1 = 0. Let l = j + 6. What is the tens digit of l/(-30) + 109/5?
2
Suppose 17 = -5*b + 7. Let d be (1 - (-9)/b)*-6. Suppose 3*y = d - 6. What is the units digit of y?
5
Let h = 2858 - 1608. What is the units digit of h?
0
Suppose 0 = -4*a - d + 10727, 2*a - 5376 = -14*d + 16*d. What is the tens digit of a?
8
Suppose -6 = -5*l + 19. Suppose 2*f = s + 6, -2*f + l*s = s - 12. Suppose 0*t + f*t = 72. What is the units digit of t?
6
Suppose 3*s - 3*t = -0 + 3, 0 = -3*t + 3. Suppose 2*c + 4*v - 498 = 0, 2*c - 301 = s*v + 215. What is the tens digit of c?
5
Let x(q) = q**2 - 4*q + 5. Let k be x(5). Suppose 0 = -k*n + 11*n + 260. What is the tens digit of (-48)/(-10)*n/(-39)?
3
What is the hundreds digit of -576*(0 - 1) + -6?
5
Let b be 0/(15/5 + -2). Suppose 12*w + b*w - 1332 = 0. What is the tens digit of w?
1
Let l = 6 + 5. What is the tens digit of (-10 + l)/((-3)/(-123))?
4
Let s = -2 - -96. What is the tens digit of s?
9
Let f(n) = 20*n**2 + 18*n - 17. What is the thousands digit of f(-9)?
1
Suppose -583*k = -586*k + 12792. What is the units digit of k?
4
Let t be (-14 - -15)*5*5. Let x = t + 83. Suppose 11*s = 14*s - x. What is the tens digit of s?
3
Suppose 0 = d + 5, 2*f - 9 + 46 = -3*d. Let h = f + 14. Suppose -3*j - 78 = -2*g - 4, -g - h*j + 37 = 0. What is the units digit of g?
7
What is the tens digit of 36/192*6*136?
5
What is the units digit of (-3)/(((-5)/20)/(635/4))?
5
Let h = 11 + -8. Let n be -11*2*(h + -4). Let z = 46 - n. What is the tens digit of z?
2
Let h(f) = -f**2 - f + f**3 + 1 - 2 + f**3 + 0*f**2. What is the tens digit of h(3)?
4
Let v be (-2144)/(-24) + 2/3. Suppose -5*j - 330 = -5*b, -b - 6*j = -j - v. What is the tens digit of b?
7
Let d(v) = v - 9. Let q(i) = -4*i + 28. Let w(g) = 10*d(g) + 3*q(g). Let m be w(-5). Suppose 6*p = m*p + 16. What is the units digit of p?
8
Let d(i) = 2*i + 19. Let w be d(-13). Let v(m) = -m**3 - 7*m**2 - m - 4. What is the units digit of v(w)?
3
Let p be (-3 + (-9)/4)/(1/(-4)). Let n = 52 - p. What is the tens digit of n?
3
Let f = -21 - -24. Suppose -8*u = -f*u - 420. Suppose -u = -2*r + 14. What is the units digit of r?
9
Let a(f) = f**3 + 12*f**2 - 14*f + 9. Let p be (7/2)/7*84. Suppose -l + 3*r = 4, -3*l - 2*r - p = -r. What is the units digit of a(l)?
2
Let v = -117 - -195. Suppose q = 4*q - v. Suppose -q - 2 = -j. What is the tens digit of j?
2
Let c(a) = 154*a**3 - a**2 + a - 1. Let i(k) = -k + 8. Let b be i(7). Let z be c(b). Suppose 5*y = -53 + z. What is the tens digit of y?
2
What is the tens digit of (-9 + 4514 + 1)/3?
0
Suppose -c + 2*q + 4553 = 0, -40*q - 4565 = -c - 42*q. What is the tens digit of c?
5
Let q = 7576 + -4517. What is the units digit of 1/(-2 - -8) - q/(-42)?
3
Let s be 7*(-11)/(231/(-18)). Let p be 154/s + 6/18. Let a = 45 - p. What is the tens digit of a?
1
Let h(p) = -p**2 + 7*p + 5. Let y(w) = -w - 1. Let j(a) = -2*h(a) - 2*y(a). What is the units digit of j(-4)?
2
Let o(t) = t**3 - 14*t**2 - 15*t + 106. What is the units digit of o(17)?
8
Suppose 0 = 8*i - 5*i - 294. Let o = 53 - i. What is the units digit of (1 + 0)*(3 - o)?
8
Let s(m) = -30*m + 11. What is the units digit of s(-8)?
1
Let u(f) = 6*f**2 - 3*f + 2. Let b be u(1). Suppose 4*p - 17 = p - 5*q, q - 65 = -b*p. Suppose -4*a + p = -3*a. What is the units digit of a?
4
Suppose -2*r - 24 = 3*g, -g + 3*r - 2 = 6. Let p = g + 33. Let s = p - 11. What is the units digit of s?
4
Let d(c) = -c**3 - 11*c**2 - 2*c - 16. Let i be d(-11). Let l(f) = -3*f + 23. Let z(s) = 2*s - 11. Let t(x) = 2*l(x) + 5*z(x). What is the tens digit of t(i)?
1
Suppose -3*d = 64*o - 62*o - 17163, -22891 = -4*d - 5*o. What is the units digit of d?
9
Suppose -24*o - 1254 = -30*o. What is the tens digit of o?
0
Let n(q) = -1316*q - 2. What is the hundreds digit of n(-1)?
3
Let v(a) = a**3 + 5*a**2 + 6*a + 7. Let u be v(-4). Let b be u/5 + (-205)/(-25). Suppose -6*r + 4 = -b. What is the units digit of r?
2
Let d(j) = j**3 + 7*j**2 - 4*j - 1. Let b = -19 + 24. Let z(k) = 2*k**3 + 11*k**2 - 6*k - 2. Let y(x) = b*z(x) - 8*d(x). What is the units digit of y(2)?
4
Let w(i) = -i**2 - 7*i + 1. Let v be w(-9). Let f = 55 - v. What is the tens digit of f?
7
Let n(o) = 14*o**3 - 1. Let z = -4 + 8. Let s(g) = 2*g - 7. Let a be s(z). What is the units digit of n(a)?
3
Suppose 0 = 5*q - 3 + 43. Let w(o) = -2*o - 15. Let p be w(q). What is the tens digit of -1 + (0/p - -30)?
2
Suppose 2*r - 4248 = 2*d, -d + 11308 - 718 = 5*r. What is the tens digit of r?
1
Suppose 0*m = 8*m - 216. What is the units digit of m/((-24)/9 - -3)?
1
Let a = 32 + 13. What is the tens digit of 2 + -2 + a - 0?
4
Let s(x) = 13*x**2 + 90*x - 5. What is the tens digit of s(-10)?
9
Let o(l) = l**2 + 8*l - 6. Let b be o(-9). Suppose 0 = b*f - 235 - 338. What is the hundreds digit of f?
1
Suppose -h = -0*q + 3*q - 385, 0 = 3*h + 4*q - 1160. Suppose -7*f + 774 + h = 0. What is the tens digit of f?
6
Suppose -26 + 6 = -o. Suppose o*v - 22*v = -10. Let y(a) = -a**3 + 6*a**2 - 2*a + 5. What is the tens digit of y(v)?
2
Suppose -4*l + 64 = 4*z - 0*l, -66 = -4*z - 5*l. Let y = -11 + z. Suppose -52 = 2*i - 4*i - 5*w, i - y*w = 37. What is the units digit of i?
1
Let y(u) = -u**3 + 3*u**2 + 13*u + 3. What is the units digit of y(-3)?
8
Let c(u) = -4*u**3 - u**2 - 2*u - 1. Let d = 15 + -11. Suppose 0 = -4*b - d. What is the units digit of c(b)?
4
Let s(m) = m**2 + 8*m - 7. Let v be s(6). Let u = v + 71. What is the tens digit of u?
4
Suppose -2*z - 3*j = 555, 3*j + 4 + 269 = -z. Let d = -136 - z. What is the hundreds digit of d?
1
Suppose 2*y = -o + 1265, 3*o - 2693 = -5*y + 472. What is the hundreds digit of y?
6
Suppose 10 = 2*y - 8. Suppose 0 = -5*l + 11 + y. Let q = l + -3. What is the units digit of q?
1
Let d = 21 + -19. Suppose d + 10 = x. What is the tens digit of x?
1
Let h = -74 - -111. Let n = 140 + h. What is the units digit of n?
7
Let i(h) = 17 - h**2 - h**2 - 7*h + h**2 - 6*h. Let l be i(-14). Suppose -95 = -4*o - a, -6*o + l*a + 115 = -2*o. What is the tens digit of o?
2
Let j(f) = 20*f**2 - 31*f + 270. What is the units digit of j(10)?
0
Let r(h) = -h + 3. Let z be r(3). Let v(b) = -b**3 + b**2 + b + 5. What is the units digit of v(z)?
5
Let d(a) = -5*a + 29. Let q be (0 + -13)/((-5)/(-5)). What is the units digit of d(q)?
4
Let z = -17 - -5. Let l = -10 - z. Suppose l*x = -3*f + 51, 3*f - 82 = -f + 2*x. What is the units digit of f?
9
Let u(c) = -c**2 + 15*c - 6. Let k be (-1)/(4/8) - -15. What is the tens digit of u(k)?
2
Let t(g) = 48*g + 11. Let d(m) = -32*m - 7. Let r = -26 - -18. Let w(u) = r*d(u) - 5*t(u). What is the tens digit of w(1)?
1
Suppose i + 481 = -i - 3*x, 2*i - 2*x + 486 = 0. Let t = i + 401. What is the hundreds digit of t?
1
Let p(m) = m**3 + 4*m**2 + 3*m. Let q be p(-2). Let b be 3/((-3)/q) + 6. Suppose a = -b*a + 25. What is the units digit of a?
5
Let w(u) = 3*u**2 + 5*u - 4. Let z(v) = -v**2 + 1. Let o(g) = -w(g) - 2*z(g). Let m be o(-3). Suppose m*b = 13*b - 110. What is the tens digit of b?
2
Suppose -24507 = -9*u - 0*u. What is the hundreds digit of u?
7
Let l = -69 - -1333. What is the thousands digit of l?
1
Let b = -2346 + 4921. What is the thousands digit of b?
2
Let p(u) = -31*u - 64. What is the tens digit of p(-17)?
6
Let f(z) = -4*z - 9 + z + 4*z. Let o be f(-10). Let d = o - -27. What is the units digit of d?
8
Let i = -28 + 36. Suppose 940 = 12*p - i*p. What is the hundreds digit of p?
2
Suppose 0 = -2*d - 2*d + 8. Let i be (-13)/(-5) - 81/135. Suppose 5*w - d*p = i*w + 46, 0 = 5*p - 5. What is the tens digit of w?
1
Let c(y) = 5*y - 29. Let b be c(21). Let w = -32 + b. What is the tens digit of w?
4
Let s be (-9 - -18)*(-4)/(-18). Suppose 0 = 4*p + w - 6*w - 44, 44 = 4*p + s*w. Let u = 3 + p. What is the tens digit of u?
1
Suppose -4*i = -2*q - 16, 5*i - q = -4*q + 20. Suppose -5*d + 3*n = -446, i*n - n = 4*d - 358. What is the tens digit of d?
8
Let v = 27 - 3. Let t = v - 12. Suppose 0 = -b + 11 + t. What is the units digit of b?
3
Let c(a) = -a**2 - 14*a - 16. Let g be c(-12). Suppose -5*w - 14 = 4*j, w - 3*j + g = -10. What is the units digit of (-127)/w - 5/30?
1